{"id":604,"date":"2025-06-02T19:51:10","date_gmt":"2025-06-02T19:51:10","guid":{"rendered":"https:\/\/tauroclima.com\/?post_type=product&#038;p=604"},"modified":"2025-06-02T19:51:11","modified_gmt":"2025-06-02T19:51:11","slug":"lg-multi-v-5","status":"publish","type":"product","link":"https:\/\/tauroclima.com\/?product=lg-multi-v-5","title":{"rendered":"Lg Multi V 5"},"content":{"rendered":"<p>LG MULTI V 5 es una soluci\u00f3n integrada que combina tecnolog\u00edas avanzadas para edificios de gran altura. Proporciona una m\u00e1xima eficiencia energ\u00e9tica al tiempo que minimiza los costes operativos y su control de doble detecci\u00f3n detecta la humedad y la temperatura.<\/p>\n<p>Instalaci\u00f3n flexible con una unidad exterior de gran capacidad<\/p>\n<p>Con las mejoras en las piezas del n\u00facleo, la unidad exterior individual MULTI V 5 puede proporcionar una gran capacidad de hasta 26 HP. Esto permite un uso flexible del espacio del suelo, minimizando el \u00e1rea de instalaci\u00f3n y disminuyendo significativamente el peso total instalado.<\/p>\n<p>Modelo: ARUN200LTE5 20HP<\/p>\n<p>8HP\/10HP\/12HP\/14HP\/16HP\/18HP\/20HP\/22HP\/24HP\/26HP<\/p>\n<p>Marca LG<\/p>\n","protected":false},"excerpt":{"rendered":"<p>LG MULTI V 5 es una soluci\u00f3n integrada que combina tecnolog\u00edas avanzadas para [&hellip;]<\/p>\n","protected":false},"featured_media":605,"comment_status":"open","ping_status":"closed","template":"","meta":[],"product_brand":[],"product_cat":[18],"product_tag":[],"class_list":{"0":"post-604","1":"product","2":"type-product","3":"status-publish","4":"has-post-thumbnail","6":"product_cat-sin-categorizar","8":"first","9":"instock","10":"shipping-taxable","11":"product-type-simple"},"jetpack_sharing_enabled":true,"_links":{"self":[{"href":"https:\/\/tauroclima.com\/index.php?rest_route=\/wp\/v2\/product\/604","targetHints":{"allow":["GET"]}}],"collection":[{"href":"https:\/\/tauroclima.com\/index.php?rest_route=\/wp\/v2\/product"}],"about":[{"href":"https:\/\/tauroclima.com\/index.php?rest_route=\/wp\/v2\/types\/product"}],"replies":[{"embeddable":true,"href":"https:\/\/tauroclima.com\/index.php?rest_route=%2Fwp%2Fv2%2Fcomments&post=604"}],"wp:featuredmedia":[{"embeddable":true,"href":"https:\/\/tauroclima.com\/index.php?rest_route=\/wp\/v2\/media\/605"}],"wp:attachment":[{"href":"https:\/\/tauroclima.com\/index.php?rest_route=%2Fwp%2Fv2%2Fmedia&parent=604"}],"wp:term":[{"taxonomy":"product_brand","embeddable":true,"href":"https:\/\/tauroclima.com\/index.php?rest_route=%2Fwp%2Fv2%2Fproduct_brand&post=604"},{"taxonomy":"product_cat","embeddable":true,"href":"https:\/\/tauroclima.com\/index.php?rest_route=%2Fwp%2Fv2%2Fproduct_cat&post=604"},{"taxonomy":"product_tag","embeddable":true,"href":"https:\/\/tauroclima.com\/index.php?rest_route=%2Fwp%2Fv2%2Fproduct_tag&post=604"}],"curies":[{"name":"wp","href":"https:\/\/api.w.org\/{rel}","templated":true}]}}